1
Calculate the highest common divisor of 10573 and 97.
97
What is the highest common factor of 114 and 30?
6
Calculate the greatest common factor of 27 and 90.
9
Calculate the highest common divisor of 711 and 45.
9
What is the highest common divisor of 551 and 19?
19
Calculate the highest common factor of 2 and 590.
2
What is the highest common factor of 2408 and 14?
14
What is the greatest common divisor of 5504 and 43?
43
What is the greatest common divisor of 4992 and 468?
156
What is the highest common factor of 2010 and 60?
30
What is the highest common divisor of 399 and 22876?
133
What is the greatest common factor of 120 and 160?
40
Calculate the highest common factor of 414 and 18.
18
Calculate the highest common divisor of 19452 and 12.
12
Calculate the highest common divisor of 999 and 27.
27
Calculate the greatest common divisor of 224 and 64.
32
What is the greatest common divisor of 63 and 175?
7
What is the highest common factor of 2511 and 93?
93
What is the highest common divisor of 288 and 240?
48
Calculate the highest common divisor of 14 and 434.
14
Calculate the highest common divisor of 9393 and 1212.
303
What is the highest common divisor of 3 and 35?
1
What is the greatest common divisor of 216 and 984?
24
What is the greatest common divisor of 66 and 22?
22
Calculate the highest common factor of 150 and 6.
6
What is the greatest common factor of 522 and 986?
58
What is the greatest common divisor of 112 and 7024?
16
Calculate the highest common divisor of 26 and 6.
2
Calculate the highest common factor of 165 and 33.
33
What is the highest common factor of 396 and 8844?
132
Calculate the highest common factor of 1012 and 6831.
253
Calculate the highest common factor of 752 and 1692.
188
Calculate the greatest common divisor of 35 and 140.
35
Calculate the highest common divisor of 1073 and 1943.
29
What is the highest common divisor of 57 and 17157?
57
Calculate the greatest common factor of 84 and 105.
21
Calculate the highest common divisor of 1313 and 303.
101
Calculate the highest common divisor of 15 and 15915.
15
What is the greatest common divisor of 880 and 160?
80
Calculate the highest common divisor of 141 and 8601.
141
Calculate the highest common divisor of 120 and 84.
12
What is the highest common factor of 8 and 152?
8
What is the greatest common factor of 891 and 198?
99
What is the greatest common factor of 4514 and 61?
61
What is the greatest common divisor of 987 and 27965?
329
Calculate the greatest common factor of 56 and 192.
8
What is the highest common factor of 15 and 95?
5
Calculate the greatest common factor of 2135 and 175.
35
Calculate the highest common divisor of 35 and 91.
7
What is the highest common factor of 740 and 20?
20
Calculate the greatest common divisor of 63 and 45.
9
Calculate the highest common divisor of 21834 and 18.
18
What is the greatest common divisor of 1591 and 74?
37
What is the greatest common factor of 1045 and 22?
11
What is the greatest common divisor of 826 and 3127?
59
What is the highest common divisor of 3000 and 120?
120
Calculate the highest common divisor of 225 and 60.
15
Calculate the greatest common divisor of 975 and 675.
75
What is the greatest common factor of 216 and 144?
72
Calculate the greatest common divisor of 14 and 54.
2
What is the highest common factor of 420 and 80?
20
What is the greatest common factor of 112 and 672?
112
What is the greatest common factor of 804 and 36?
12
Calculate the greatest common divisor of 60 and 810.
30
Calculate the highest common divisor of 598 and 104.
26
Calculate the greatest common factor of 216 and 196.
4
Calculate the highest common factor of 408 and 255.
51
What is the highest common factor of 741 and 39?
39
What is the highest common divisor of 20 and 52?
4
Calculate the highest common divisor of 305 and 2928.
61
What is the greatest common divisor of 8 and 16136?
8
Calculate the highest common divisor of 21 and 20811.
21
Calculate the greatest common factor of 74 and 962.
74
What is the greatest common divisor of 21 and 28?
7
What is the highest common factor of 39 and 767?
13
Calculate the highest common factor of 928 and 96.
32
What is the highest common factor of 493 and 203?
29
What is the highest common divisor of 450 and 18?
18
What is the highest common factor of 29 and 26013?
29
What is the highest common divisor of 155 and 620?
155
What is the greatest common factor of 48 and 32?
16
What is the highest common factor of 5746 and 845?
169
What is the greatest common factor of 102 and 17510?
34
Calculate the greatest common factor of 105 and 243.
3
What is the highest common divisor of 8 and 380?
4
What is the highest common divisor of 53966 and 484?
242
Calculate the highest common factor of 102 and 30.
6
Calculate the greatest common factor of 138 and 489.
3
Calculate the highest common divisor of 274 and 4247.
137
Calculate the highest common factor of 32 and 78.
2
Calculate the highest common divisor of 897 and 273.
39
Calculate the highest common factor of 2444 and 282.
94
Calculate the greatest common factor of 250 and 20750.
250
What is the highest common factor of 16 and 1?
1
What is the highest common divisor of 637 and 588?
49
What is the greatest common divisor of 1230 and 30?
30
What is the highest common factor of 84 and 896?
28
Calculate the highest common divisor of 36 and 36.
36
Calculate the highest common divisor of 3819 and 804.
201
Calculate the highest common divisor of 395 and 95.
5
Calculate the highest common factor of 6 and 82.
2
What is the highest common factor of 3144 and 24?
24
Calculate the greatest common divisor of 713 and 1909.
23
What is the greatest common factor of 27255 and 79?
79
Calculate the greatest common divisor of 39 and 26.
13
What is the highest common factor of 108 and 4164?
12
Calculate the highest common divisor of 330 and 810.
30
What is the greatest common factor of 2 and 62?
2
Calculate the highest common divisor of 1005 and 6231.
201
Calculate the highest common divisor of 30 and 8715.
15
Calculate the greatest common divisor of 15 and 3363.
3
What is the highest common factor of 8020 and 60?
20
Calculate the highest common divisor of 70 and 70.
70
Calculate the highest common factor of 32 and 4.
4
Calculate the highest common factor of 384 and 144.
48
What is the greatest common divisor of 45 and 333?
9
Calculate the highest common factor of 517 and 658.
47
What is the greatest common factor of 164 and 32308?
164
What is the highest common divisor of 20 and 95?
5
Calculate the greatest common divisor of 32 and 104.
8
Calculate the highest common factor of 2 and 46.
2
What is the highest common divisor of 38 and 171?
19
Calculate the greatest common factor of 19 and 1159.
19
Calculate the highest common divisor of 16 and 344.
8
Calculate the highest common divisor of 105 and 1295.
35
Calculate the highest common factor of 196 and 112.
28
Calculate the greatest common divisor of 46 and 506.
46
Calculate the highest common divisor of 33 and 24.
3
What is the greatest common divisor of 104 and 221?
13
What is the highest common divisor of 790 and 10?
10
What is the highest common factor of 1638 and 11700?
234
What is the greatest common divisor of 414 and 54?
18
Calculate the greatest common factor of 6 and 2901.
3
Calculate the highest common divisor of 320 and 380.
20
What is the greatest common factor of 1053 and 39?
39
What is the greatest common divisor of 68 and 52?
4
What is the highest common divisor of 5341 and 49?
49
What is the greatest common divisor of 129 and 6?
3
What is the highest common factor of 11304 and 54?
18
What is the highest common divisor of 16064 and 128?
64
Calculate the highest common factor of 470 and 376.
94
Calculate the highest common factor of 13 and 208.
13
Calculate the greatest common divisor of 1 and 359.
1
Calculate the greatest common factor of 640 and 240.
80
What is the highest common factor of 20 and 1060?
20
What is the highest common divisor of 12 and 108?
12
What is the highest common factor of 60 and 7104?
12
What is the greatest common factor of 600 and 135?
15
Calculate the highest common factor of 20 and 27950.
10
What is the greatest common factor of 1824 and 128?
32
What is the greatest c